2 + l**3 - 2. Calculate z(5).
-1
Let j = 2 - 2. Suppose j = v - 3*v. Let o(r) = v*r + 2 - 6*r + r. Give o(2).
-8
Let o(s) = -2*s. Let l be o(-3). Let c be (9/(-5))/(l/(-20)). Let q(g) = -g**2 + 6*g + 8. What is q(c)?
8
Let a = 7 + -4. Let l be 1/a + (-188)/(-12). Let p be l/(-6)*(-3)/(-2). Let h(x) = x**3 + 4*x**2 - x - 4. What is h(p)?
0
Let j(k) = -k**3 + 4*k**2 - 6*k + 4. Let w = -10 + 5. Let f(a) = a - 1. Let l(v) = w*f(v) - j(v). What is l(4)?
5
Let h(x) = x + 18. Let c(s) = 2*s + 4. Let o be c(-9). Give h(o).
4
Let n(u) = -2*u - 9. Let j(f) = -f - 11. Let k be j(-5). What is n(k)?
3
Let l(h) = -h + 2. Let a(n) = n + 10. Let s be a(-12). Give l(s).
4
Let f = -102 - -107. Let t(h) = -h**2 + 7*h + 5. Let b be t(7). Let v(s) = -s - 4*s**2 - 5*s + b*s**2 + 6. Give v(f).
1
Let h(d) = -3*d**2 - d + 11. Let a(u) = -2*u**2 + 6. Let k(m) = 5*a(m) - 3*h(m). Suppose -4*r + 0*r + 16 = 2*i, -4*r + 8 = 0. What is k(i)?
-7
Let w(r) = -2*r**3 - 2*r**2 + r - 2. Let a = -4 + 9. Suppose -a*y + 2 = 12. Calculate w(y).
4
Let r(i) be the third derivative of 0*i - 1/60*i**5 - 1/3*i**3 - 5/24*i**4 + 0 + 2*i**2. What is r(-5)?
-2
Let h(z) = -z**3 - 4*z**2 + 3. Let x be 0 + (-3 - -4)*-3. Give h(x).
-6
Let g(t) = -t**2 + 2*t - 2. Let p be g(3). Let v(d) be the third derivative of -d**6/120 - d**5/15 + d**4/6 - 5*d**3/6 - 20*d**2. Calculate v(p).
0
Let d(m) = m**2 + m + 1. Let q be d(1). Let j(v) = -v**3 + 4*v**2 + v - 2. Calculate j(q).
10
Let r(v) = -v - 6*v**2 + 11*v**3 + 1 + 4*v**3 - 14*v**3. Let x(s) = -3*s - 3. Let u be x(-3). Give r(u).
-5
Let k(d) = d**2 + 1. Let r(p) = 2*p + 4. Let n(h) = -k(h) + r(h). Let a be (15/6)/5*6. What is n(a)?
0
Let d be -3*-10*(-3)/9. Let a = 14 + d. Let m(y) be the second derivative of -y**5/20 + y**4/4 + y**3/2 - y. Calculate m(a).
-4
Let b(t) = -t + 1. Let u be b(5). Let y(l) be the first derivative of l**2 + 5*l + 29. Calculate y(u).
-3
Let s(t) = 4*t**2 - t + 1. Suppose -3 + 7 = 4*v. Suppose 1 = -d - v. Let u = d + 3. Determine s(u).
4
Let h(f) = f**2 - 6*f - 7. Suppose -3*v + 15 = d, 3*v + 0*v + 4*d - 6 = 0. Determine h(v).
-7
Let o(c) = -c - 1. Let t be o(-2). Let k(b) = b - 2 - 1 + 7 + t. Let x(v) = -2*v**3 - 3*v**2 - 2*v - 3. Let g be x(-2). Determine k(g).
10
Let h(z) = z**2 + z - 6. Let t be (-5)/(-40) - 2/16. Determine h(t).
-6
Let z(d) = d**3 + 5*d**2 - 2*d - 6. Let i = -8 - -16. Let c be 4/(-6)*60/i. What is z(c)?
4
Suppose 0 = -5*t - 0*t + 30. Let l(f) = f**2 - 4*f - 6. What is l(t)?
6
Let o(f) = -f - 3. Suppose -g + 5*i = -2 + 10, -6 = -5*g + 2*i. Suppose 0 = -g*j - w - 6, 5 = j + 3*w - 2. Calculate o(j).
2
Let q(d) be the second derivative of -7/6*d**3 - d + 0 - 1/20*d**5 - 7/12*d**4 + 0*d**2. Calculate q(-6).
6
Let m(z) = 2*z**2 + 2*z. Suppose 4 = -3*i - o, 4*o = -2*i + 5*i - 16. Suppose 4*p = -i*p + 3*h - 20, -p - 6 = -h. What is m(p)?
4
Suppose 5*n + 2*m = -3*m + 40, 22 = 3*n + 2*m. Let k(s) = -s + 8. Give k(n).
2
Let o be 2/(2/15*5). Let k(y) be the first derivative of o*y + 2 + 5/2*y**2 + 1/3*y**3. Calculate k(-3).
-3
Let q(j) = 4 + 10*j - 9*j + 8. Calculate q(-6).
6
Let i(m) = m**3 - 6*m**2 + 2. Let r be i(6). Let u be r - -1 - (-5 + 5). Let c(v) = -v**2 - 2*v + 4. What is c(u)?
-11
Let f(v) = -13*v - 5 + 14*v + 1. What is f(4)?
0
Let b(y) = 9 - 7 + y - 3 - 1 + y**2. What is b(0)?
-2
Let h be 42/8 - 2/8. Let w(r) be the second derivative of r**3/6 + r**2/2 + r. Give w(h).
6
Let p = 14 - 17. Suppose -o - 2*z = -17, -4*o = -3*o + 4*z - 27. Let h(q) = 2 + 2 - o - 4*q. Determine h(p).
9
Let p = 13 - 13. Suppose -g + p = 2*f + 4, 11 = -f + 4*g. Let i(m) = -m**2 - 4*m - 3. What is i(f)?
0
Let x(q) = 2*q + 10 - 25 + 8 - 3*q + q**3. Let r(c) = 0*c + 4*c - 3*c + 1. Let m be r(-1). Give x(m).
-7
Let s = -20 - -29. Let a(j) = j**3 - 9*j**2 + 3. Let z be a(s). Let p(h) = -4*h**2 + h**z + h**2 - 2 + 8*h**2. What is p(-5)?
-2
Let x(z) be the third derivative of -z**5/60 - 7*z**4/24 - 7*z**3/6 - z**2. Let r be x(-5). Let c(n) = -2*n. Determine c(r).
-6
Let f(b) be the first derivative of -2*b - 2 - 1/2*b**2. Determine f(-5).
3
Let v(a) = -2*a**2 + 9*a - 4. Let f = 87 - 81. Determine v(f).
-22
Let g(r) = r + 4. Let n = -155 + 152. Give g(n).
1
Suppose n + 4 + 2 = 3*c, 4*c - 13 = 3*n. Suppose 4*w - 2*w = 2. Let a be n - (-3 + 2) - w. Let o(h) = h**3 + h**2 - 2*h + 3. Calculate o(a).
-9
Let v(y) = -y**3 + 5*y**2 + y - 5. Let o(l) = l**2 - 2*l - 1. Let q be o(4). Let i = q - 2. Determine v(i).
0
Let b(w) = -2*w - 4. Let c(f) = -f**3 - 10*f**2 - 2*f - 15. Let a be c(-10). Give b(a).
-14
Suppose 2*x - 12 = -4*x. Let q(r) be the third derivative of r**6/120 - r**5/30 - r**4/24 + r**2. What is q(x)?
-2
Suppose -q - 4 = -2*q. Let k = 19 + q. Suppose -1 = -3*g + 3*t + k, 37 = 5*g - 4*t. Let o(z) = z**3 - 4*z**2 - 5*z - 5. Determine o(g).
-5
Let f be (12/15)/((-1)/5). Let x(w) = 1 - 3 - w + 1. Let u(p) = 3*p - 3. Let j(m) = f*x(m) + u(m). Determine j(-1).
-6
Let y be (-1 + 3)*1/(-2)*1. Let k(g) = -12*g - 1. Give k(y).
11
Let o(z) = -z. Suppose -2*x = -0*x + 12. Calculate o(x).
6
Let a(q) be the second derivative of -q**5/20 + q**4/2 + q**3/2 + 7*q**2/2 - q. Let g(l) = 2*l**2 + l + 2. Let o(k) = 2*a(k) - 7*g(k). Give o(-1).
1
Suppose 16 + 4 = 5*a. Suppose -a*k + 5*w = -65, 2*k - 72 = -3*k - 3*w. Let f(r) = r + r**2 - k - r + 16. Give f(2).
5
Let b be (0 - (-5)/(-5))*-6. Let x be (-1)/5 + 33/15. Let z(g) = 5*g - g**x + 4*g - 4*g. Give z(b).
-6
Let s be (2/(-3))/(10/(-15)). Let h(p) = 4*p. Calculate h(s).
4
Let l(z) = 3*z - 3*z**2 + 6*z**2 + 3 + 0. Let c(u) = -u - 6. Let o be c(-4). Give l(o).
9
Suppose 0 = 4*k - 2*k + 6, -2*p - 3*k = -23. Let x be (-2)/p*-2*20. Let z(f) = f**3 - 3 - 2*f**2 - f + 0*f - 3*f**2. Calculate z(x).
-8
Let l(i) = -6*i**2 - 1. Let r(z) = -2*z - 1. Let b be r(-2). Suppose 2 = b*x - 1. Calculate l(x).
-7
Let i(t) = -t**3 - 3*t**2 - t + 4. Let a(f) = -f + 5. Let o be a(0). Suppose 4*r - 1 = 2*m + 17, -5*m = -o*r + 30. Calculate i(m).
7
Let y be 6*2/12*3. Suppose 44 = -4*w - 5*g, w - 2*g = y*g + 14. Let v(l) = l**3 + 6*l**2 + 5. Determine v(w).
5
Let b(d) be the third derivative of 1/120*d**6 + 0*d**4 + 0*d**3 - 1/30*d**5 + 0 - d**2 + 0*d. Determine b(2).
0
Let p(n) be the third derivative of 0 - 1/3*n**3 - 3*n**2 + 0*n + 1/6*n**4. Determine p(2).
6
Let m(u) = 3*u**2 - 4*u - 2. Let y(v) = -4*v**2 + 4*v + 4. Let b(w) = -3*m(w) - 2*y(w). Let z(l) = l**2 - 9*l - 8. Let t be z(10). Give b(t).
2
Let k(z) be the third derivative of -z**6/120 - z**5/60 - z**4/24 + z**3/3 + 11*z**2 + 2*z. Let f = 5 - 2. Suppose -f*y - 2*y = 0. Give k(y).
2
Let a = 3 - 3. Suppose 0*i + i + 1 = 2*l, 2 = 2*l. Suppose a = -q + 5 + i. Let h(c) = -c**3 + 6*c**2 + 2*c - 8. Give h(q).
4
Let w(v) = -4*v**3 - 1. Suppose -4*j + 3*j = 22. Let n be 2/4 + 33/j. Calculate w(n).
3
Let n(q) = -q + 2. Let x(h) = -h**3 + 8*h**2 + 19*h + 5. Let b be x(10). Calculate n(b).
7
Let h(u) be the first derivative of u**2/2 - 2*u + 3. Determine h(0).
-2
Let j = 51 + -55. Let n(q) = q**3 + 5*q**2 + q + 1. Give n(j).
13
Let c(a) be the first derivative of 2*a**3/3 + a**2/2 - 4*a + 26. What is c(-3)?
11
Suppose 4*b + b = -30. Let a be b/(-4)*8/6. Let w(g) = 5 - 6*g + 5*g - 7 - g. Calculate w(a).
-6
Suppose -6 = -0*v + 3*v. Let h be (-1)/(1/v + 0). Let g(y) be the second derivative of 2*y**3/3 - y**2/2 + 2*y. What is g(h)?
7
Let t = -12 - -17. Let w(y) = -2*y + 6. What is w(t)?
-4
Let p = -10 + -8. Let l be (-58)/p + (-4)/18. Let w(b) = -4 + 3*b + 3 + l. Give w(-3).
-7
Suppose -a - 2 = 0, 3*a = 3*t - 0*t - 15. Let u(g) be the third derivative of g**4/8 - g**3/3 + 49*g**2. Give u(t).
7
Let f(k) = -2*k**3 - 3*k**2 + k + 2. Suppose 6 + 0 = c - 2*g, -4*g = 16. Calculate f(c).
4
Let c(p) = -p**2 - 7*p + 8. Let i be (-1 - (-80)/(-15)) + (-4)/6. Give c(i).
8
Let l(o) be the third derivative of -o**4/12 + o**3/3 - 45*o**2. What is l(-3)?
8
Let w = 3 - -3. Let v(p) = -6*p**2 - p + 13. Let j(l) = -5*l**2 + 12. Let s(r) = w*v(r) - 7*j(r). Determine s(-4).
2
Suppose -16 - 11 = -3*d. Let z(s) = 0 + d*s - 7*s + 0. Suppose -19 - 1 = -5*c. Give z(c).
8
Let v(r) = -2*r**3 - 17*r**2 + 8*r - 17. Let w(j) = -j**3 - 9*j**2 + 4*j - 9. Let i(k) = 6*v(k) - 11*w(k). Let o be i(-4). Let q(h) = h + 1. Determine q(o).
-2
Let a(z) = -2*z**2 + 2*z + 4. Let r(m) = -2*m**3 + 6*m**2 - 3*m + 1. Let